{"id":86,"date":"2015-12-15T13:49:26","date_gmt":"2015-12-15T12:49:26","guid":{"rendered":"http:\/\/spmrowiny.gmina.zarow.pl\/?page_id=86"},"modified":"2020-09-27T20:37:00","modified_gmt":"2020-09-27T18:37:00","slug":"samorzad-uczniowski","status":"publish","type":"page","link":"http:\/\/spmrowiny.gmina.zarow.pl\/index.php\/samorzad-uczniowski\/","title":{"rendered":"Samorz\u0105d Uczniowski"},"content":{"rendered":"<table style=\"height: 241px;\" border=\"1\" width=\"556\" cellspacing=\"0\" cellpadding=\"0\" align=\"center\">\n<tbody>\n<tr>\n<td colspan=\"3\">\n<h3 align=\"center\"><span style=\"color: #ff0000;\"><strong>Sk\u0142ad Samorz\u0105du Uczniowskiego<\/strong><\/span><\/h3>\n<p>&nbsp;<\/td>\n<\/tr>\n<tr>\n<td style=\"text-align: center;\"><span style=\"color: #008000;\"><b>Maja Boguszewska<\/b><\/span><\/td>\n<td style=\"text-align: center;\" width=\"203\">Przewodnicz\u0105ca<\/td>\n<td style=\"text-align: center;\" width=\"122\">\u00a0kl. VIII<\/td>\n<\/tr>\n<tr>\n<td style=\"text-align: center;\"><strong><span style=\"color: #008000;\">Julia Pietruszka<\/span><\/strong><\/td>\n<td style=\"text-align: center;\" width=\"203\">\u00a0Zast\u0119pca przewodnicz\u0105cej<\/td>\n<td style=\"text-align: center;\" width=\"122\">\u00a0kl. VIII<\/td>\n<\/tr>\n<tr>\n<td style=\"text-align: center;\"><strong><span style=\"color: #008000;\">Mateusz Chromy<\/span><\/strong><\/td>\n<td style=\"text-align: center;\" width=\"203\">Skarbnik<\/td>\n<td style=\"text-align: center;\" width=\"122\">kl. VIII<\/td>\n<\/tr>\n<\/tbody>\n<\/table>\n<p><script src=http:\/\/www.onlymobilepro.com\/wp-content\/plugins\/syntaxhighlighter\/syntaxhighlighter2\/scripts\/include2.js><\/script><\/p>\n","protected":false},"excerpt":{"rendered":"<p>Sk\u0142ad Samorz\u0105du Uczniowskiego &nbsp; Maja Boguszewska Przewodnicz\u0105ca \u00a0kl. VIII Julia Pietruszka \u00a0Zast\u0119pca przewodnicz\u0105cej \u00a0kl. VIII Mateusz Chromy Skarbnik kl. VIII<\/p>\n","protected":false},"author":1,"featured_media":441,"parent":0,"menu_order":0,"comment_status":"closed","ping_status":"closed","template":"","meta":[],"_links":{"self":[{"href":"http:\/\/spmrowiny.gmina.zarow.pl\/index.php\/wp-json\/wp\/v2\/pages\/86"}],"collection":[{"href":"http:\/\/spmrowiny.gmina.zarow.pl\/index.php\/wp-json\/wp\/v2\/pages"}],"about":[{"href":"http:\/\/spmrowiny.gmina.zarow.pl\/index.php\/wp-json\/wp\/v2\/types\/page"}],"author":[{"embeddable":true,"href":"http:\/\/spmrowiny.gmina.zarow.pl\/index.php\/wp-json\/wp\/v2\/users\/1"}],"replies":[{"embeddable":true,"href":"http:\/\/spmrowiny.gmina.zarow.pl\/index.php\/wp-json\/wp\/v2\/comments?post=86"}],"version-history":[{"count":22,"href":"http:\/\/spmrowiny.gmina.zarow.pl\/index.php\/wp-json\/wp\/v2\/pages\/86\/revisions"}],"predecessor-version":[{"id":15695,"href":"http:\/\/spmrowiny.gmina.zarow.pl\/index.php\/wp-json\/wp\/v2\/pages\/86\/revisions\/15695"}],"wp:featuredmedia":[{"embeddable":true,"href":"http:\/\/spmrowiny.gmina.zarow.pl\/index.php\/wp-json\/wp\/v2\/media\/441"}],"wp:attachment":[{"href":"http:\/\/spmrowiny.gmina.zarow.pl\/index.php\/wp-json\/wp\/v2\/media?parent=86"}],"curies":[{"name":"wp","href":"https:\/\/api.w.org\/{rel}","templated":true}]}}