{"id":15669,"date":"2020-09-14T13:56:29","date_gmt":"2020-09-14T11:56:29","guid":{"rendered":"http:\/\/spmrowiny.gmina.zarow.pl\/?page_id=15669"},"modified":"2020-09-14T14:03:52","modified_gmt":"2020-09-14T12:03:52","slug":"informacje-o-ubezpieczeniu","status":"publish","type":"page","link":"http:\/\/spmrowiny.gmina.zarow.pl\/index.php\/informacje-o-ubezpieczeniu\/","title":{"rendered":"INFORMACJE O UBEZPIECZENIU"},"content":{"rendered":"<p>Szanowni Pa\u0144stwo!<\/p>\n<p>Informujemy, \u017ce szko\u0142a nie b\u0119dzie po\u015bredniczy\u0142a w zawieraniu polis ubezpieczeniowych NWW z ubezpieczycielem.<\/p>\n<p>Poni\u017cej przedstawiamy wszelkie informacje dotycz\u0105ce mo\u017cliwo\u015bci zawarcia ubezpieczenia w firmie AVIVA.<br \/>\nOg\u00f3lne informacje dotycz\u0105ce ubezpieczenia (wraz z linkiem do strony, przez kt\u00f3r\u0105 mo\u017cna zawrze\u0107 umow\u0119 ubezpieczenia):\u00a0<a href=\"http:\/\/spmrowiny.gmina.zarow.pl\/wp-content\/uploads\/2020\/09\/informacje-ubezpieczenie.pdf\">kliknij tutaj<\/a><\/p>\n<p>Za\u0142\u0105czniki:<br \/>\n1.\u00a0<a href=\"http:\/\/spmrowiny.gmina.zarow.pl\/wp-content\/uploads\/2020\/09\/ulotka_Twoje-Dziecko-zal-1.pdf\">Og\u00f3lne informacje o zakresie ubezpieczenia<\/a><\/p>\n<p>2.\u00a0<a href=\"http:\/\/spmrowiny.gmina.zarow.pl\/wp-content\/uploads\/2020\/09\/Logowanie-RODZIC-zal.-2-1.docx\" target=\"_blank\" rel=\"noopener\">Instrukcja oraz link do logowania<\/a><\/p>\n<p>3.\u00a0<a href=\"http:\/\/spmrowiny.gmina.zarow.pl\/wp-content\/uploads\/2020\/09\/1.-OWU_Twoje_Dziecko_zal.-3.pdf\">Og\u00f3lne warunki ubezpieczenia<\/a><\/p>\n<p>&nbsp;<\/p>\n","protected":false},"excerpt":{"rendered":"<p>Szanowni Pa\u0144stwo! Informujemy, \u017ce szko\u0142a nie b\u0119dzie po\u015bredniczy\u0142a w zawieraniu polis ubezpieczeniowych NWW z ubezpieczycielem. Poni\u017cej przedstawiamy wszelkie informacje dotycz\u0105ce mo\u017cliwo\u015bci zawarcia ubezpieczenia w firmie AVIVA. Og\u00f3lne informacje dotycz\u0105ce ubezpieczenia (wraz z linkiem do strony, przez kt\u00f3r\u0105 mo\u017cna zawrze\u0107 umow\u0119 ubezpieczenia):\u00a0kliknij tutaj Za\u0142\u0105czniki: 1.\u00a0Og\u00f3lne informacje o zakresie ubezpieczenia 2.\u00a0Instrukcja oraz link do logowania 3.\u00a0Og\u00f3lne warunki [&hellip;]<\/p>\n","protected":false},"author":3,"featured_media":0,"parent":0,"menu_order":0,"comment_status":"closed","ping_status":"closed","template":"","meta":[],"_links":{"self":[{"href":"http:\/\/spmrowiny.gmina.zarow.pl\/index.php\/wp-json\/wp\/v2\/pages\/15669"}],"collection":[{"href":"http:\/\/spmrowiny.gmina.zarow.pl\/index.php\/wp-json\/wp\/v2\/pages"}],"about":[{"href":"http:\/\/spmrowiny.gmina.zarow.pl\/index.php\/wp-json\/wp\/v2\/types\/page"}],"author":[{"embeddable":true,"href":"http:\/\/spmrowiny.gmina.zarow.pl\/index.php\/wp-json\/wp\/v2\/users\/3"}],"replies":[{"embeddable":true,"href":"http:\/\/spmrowiny.gmina.zarow.pl\/index.php\/wp-json\/wp\/v2\/comments?post=15669"}],"version-history":[{"count":2,"href":"http:\/\/spmrowiny.gmina.zarow.pl\/index.php\/wp-json\/wp\/v2\/pages\/15669\/revisions"}],"predecessor-version":[{"id":15679,"href":"http:\/\/spmrowiny.gmina.zarow.pl\/index.php\/wp-json\/wp\/v2\/pages\/15669\/revisions\/15679"}],"wp:attachment":[{"href":"http:\/\/spmrowiny.gmina.zarow.pl\/index.php\/wp-json\/wp\/v2\/media?parent=15669"}],"curies":[{"name":"wp","href":"https:\/\/api.w.org\/{rel}","templated":true}]}}